 - 279. Determine y(17).
350
Let r(t) = -t**3 - 62*t**2 - 56*t - 56. Give r(-61).
-361
Let u(h) = 178*h**2 - 5*h - 956. What is u(-6)?
5482
Let n(s) = 24073*s + 794411. Give n(-33).
2
Let w(d) = -4*d**2 - 1953*d - 15353. Calculate w(-8).
15
Let g(y) = 2*y**3 + 72*y**2 + 367*y + 40. Give g(-6).
-2
Let s(h) = -4534*h + 108965. What is s(24)?
149
Let k(g) = -4*g**3 + 12*g**2 - 398*g + 2761. Determine k(7).
-809
Let z(n) = -325*n + 62. Determine z(6).
-1888
Let y(h) = -h**3 - 2*h**2 + 1690*h + 10188. Determine y(-6).
192
Let k(a) = a**3 + 50*a**2 + 87*a + 1860. What is k(-49)?
-2
Let l(x) = 5*x**2 - 26423*x - 137. What is l(0)?
-137
Let h(m) = m**3 + 32*m**2 + 233*m + 223. Give h(-7).
-183
Let g(s) = -s**3 + 550*s**2 + 6*s + 13. Determine g(0).
13
Let g(x) = x**3 + 150*x**2 + 5618*x + 154. Give g(-78).
-2
Let a(r) = -78*r**2 - 340*r - 9. Determine a(0).
-9
Let i(z) = -142394*z - 1281605. Calculate i(-9).
-59
Let h(p) = 37*p**2 - 136*p - 1478. Determine h(-11).
4495
Let s(r) = -4*r**2 - 64*r + 278. Give s(-17).
210
Let l(f) = -2252*f + 51670. Determine l(23).
-126
Let l(n) = -n**3 - 8*n**2 - 746*n - 6027. What is l(-8)?
-59
Let o(l) = -1873*l - 12989. Determine o(-6).
-1751
Let p(u) = -7*u**2 + 407*u - 1189. Calculate p(3).
-31
Let w(i) = 21*i + 1386. Calculate w(-13).
1113
Let z(m) = -15*m**3 - 3*m**2 + 1620*m + 1622. Determine z(-1).
14
Let i(k) = 13287*k - 1408419. What is i(106)?
3
Let g(q) = -939*q - 65866. Calculate g(-70).
-136
Let d(q) = -43*q**3 - 33*q**2 - 81*q - 1. Give d(-5).
4954
Let v(q) = 3*q**3 - 441*q**2 + 454*q - 66738. What is v(147)?
0
Let p(g) = -603*g - 6723. Calculate p(-11).
-90
Let y(g) = 88*g - 20188. Give y(155).
-6548
Let o(n) = -7*n**3 - 2*n**2 - 21*n - 19. Determine o(-4).
481
Let c(z) = -z**3 + 27*z**2 + 1841*z - 45908. Give c(24).
4
Let l(p) = -903*p + 464135. Determine l(514).
-7
Let v(u) = 8*u**3 - 792*u**2 - 809*u + 903. Determine v(100).
3
Let i(o) = -5*o**2 - 1584*o - 14101. What is i(-9)?
-250
Let m(w) = 5*w**2 - 109*w - 556. Calculate m(26).
-10
Let p(l) = -2*l**3 - 399*l**2 - 8569*l + 1049. Give p(-175).
-1
Let k(t) = 2685*t + 1382801. Determine k(-515).
26
Let c(o) = -o**3 + 35*o**2 + 327*o - 11439. Give c(35).
6
Let d(b) = -206803*b - 4136054. Determine d(-20).
6
Let s(c) = -109*c - 1725. Give s(-15).
-90
Let j(c) = 4878*c**2 + 121954*c + 97. Calculate j(-25).
-3
Let l(q) = 6*q**3 + 83*q**2 - 6*q - 26. Give l(-12).
1630
Let z(j) = -j**2 + 1598*j - 102283. Calculate z(67).
294
Let t(m) = -3*m**2 - 136*m - 678. Give t(-6).
30
Let q(t) = -109*t**2 - 4585*t - 13019. Determine q(-39).
7
Let f(n) = 68818*n - 14933517. Determine f(217).
-11
Let l(r) = 17592*r + 2075861. What is l(-118)?
5
Let j(h) = 21864*h - 174830. What is j(8)?
82
Let i(k) = 2*k**3 + 5*k**2 - 12*k + 1. Determine i(0).
1
Let a(y) = 3*y**2 - 358*y + 6842. Calculate a(95).
-93
Let y(j) = -2*j**3 + 46*j**2 - 135*j + 275. Determine y(20).
-25
Let p(f) = f**3 + 40*f**2 - 154*f + 956. What is p(-44)?
-12
Let f(x) = 430*x + 499. Calculate f(-7).
-2511
Let a(w) = -w**2 - 71*w + 164740. What is a(-443)?
-56
Let m(s) = -s**3 - 241*s**2 - 13396*s + 353. Give m(-154).
45
Let i(w) = 326957*w - 2615597. Give i(8).
59
Let q(y) = -y**3 + 8*y**2 - 13*y - 44. Determine q(10).
-374
Let h(g) = 33*g**2 - 134*g - 3842. Calculate h(13).
-7
Let s(f) = 44*f - 1742. Give s(10).
-1302
Let y(d) = 4*d**3 + 23*d**2 + 772*d + 11044. What is y(-11)?
11
Let l(h) = -209*h + 3517. Determine l(17).
-36
Let t(l) = -l**2 - 622*l + 60944. Determine t(-708).
56
Let i(z) = -9*z**2 + 349*z - 2042. Calculate i(6).
-272
Let q(w) = 14*w**2 + 63186*w + 567544. Give q(-9).
4
Let u(h) = 12*h**2 - 169*h - 27. What is u(15)?
138
Let r(f) = -89*f + 1592. Calculate r(19).
-99
Let d(l) = l**3 - 352*l**2 + 1294*l + 34203. What is d(348)?
99
Let v(x) = 20*x**3 - 753*x**2 - 259*x - 46. What is v(38)?
220
Let x(j) = 2*j**2 + 345*j + 9838. Give x(-37).
-189
Let o(w) = 58*w - 5428. What is o(90)?
-208
Let s(a) = -a**3 - 14*a**2 + 287*a + 4092. Determine s(-16).
12
Let p(y) = y**3 + 4*y**2 + 7340*y + 14667. Determine p(-2).
-5
Let f(z) = 2390*z - 5740. What is f(3)?
1430
Let a(p) = -34*p**3 - 1632*p**2 + 38*p + 1844. What is a(-48)?
20
Let a(w) = w**2 - 60*w + 2175. Determine a(35).
1300
Let x(t) = t**3 - 157*t**2 + 2968*t + 39. Calculate x(22).
-5
Let s(x) = -31*x - 154. Give s(-25).
621
Let m(b) = -845*b**3 - 2*b**2 + 47*b - 48. What is m(1)?
-848
Let k(f) = 2*f**3 + 475*f**2 - 1131*f + 14997. Calculate k(-240).
-1563
Let c(j) = j**3 - 68*j**2 + 616*j - 364. What is c(10)?
-4
Let j(l) = -l**2 + 1661*l + 608194. Give j(-309).
-536
Let x(w) = -4279*w - 248182. Calculate x(-58).
0
Let t(o) = -25*o**2 + 153*o - 1940. Give t(13).
-4176
Let s(x) = -27145*x + 81417. Determine s(3).
-18
Let m(l) = 39587*l - 355200. Calculate m(9).
1083
Let p(v) = -9*v**2 - 90*v - 208. What is p(-6)?
8
Let i(v) = 792*v + 64915. Give i(-82).
-29
Let d(t) = 17*t**2 + 55*t - 116. Determine d(2).
62
Let m(q) = -38*q**2 - 1896*q + 2046. Determine m(-51).
-96
Let g(x) = x**2 + 531*x + 5632. Give g(-11).
-88
Let d(q) = -10*q**2 - 3441*q - 283085. Give d(-208).
3
Let o(u) = 2*u**3 - 33*u**2 - 265*u + 4641. What is o(15)?
-9
Let i(m) = 192*m**3 - 85*m**2 - 62*m + 22. Determine i(-1).
-193
Let k(a) = -4*a**2 + 1982*a - 75376. Give k(454).
-12
Let h(o) = o**2 + 6561*o + 91659. Calculate h(-14).
1
Let h(v) = 16146*v - 48444. What is h(3)?
-6
Let n(h) = 6*h**3 + 18*h**2 - 529*h - 4. Determine n(8).
-12
Let m(n) = 2*n**2 + 1264*n - 92131. Calculate m(66).
5
Let z(o) = 6283*o - 194760. What is z(31)?
13
Let k(l) = 158018*l - 2528280. Give k(16).
8
Let v(o) = -167*o + 10697. What is v(63)?
176
Let r(d) = -d**2 + 70*d - 877. Determine r(54).
-13
Let t(o) = 38*o**2 + 4380*o - 8762. Calculate t(2).
150
Let a(y) = -6*y**3 + 65*y**2 + 174*y - 30. Calculate a(-3).
195
Let f(c) = -25*c**2 + 453*c - 1409. Calculate f(4).
3
Let d(k) = 494*k + 125. Determine d(1).
619
Let w(n) = -n**2 - 108*n + 1279. Give w(13).
-294
Let s(i) = 9*i**3 - 136*i**2 + 537*i - 853. Determine s(10).
-83
Let d(p) = -175*p - 1109. What is d(1)?
-1284
Let v(w) = -144084*w + 720657. Determine v(5).
237
Let q(d) = 155*d**2 - 60610*d + 1927. Give q(391).
-28
Let l(o) = -12*o**3 - 3*o**2 - 13*o - 15. What is l(-4)?
757
Let t(d) = -6790*d + 49231. Determine t(7).
1701
Let k(r) = -2*r**2 + 33*r + 502. Give k(-12).
-182
Let d(p) = 59*p**2 + 1536*p + 8493. What is d(-8)?
-19
Let r(k) = 709*k - 386411. Determine r(545).
-6
Let s(y) = -16*y**2 - 268*y + 4392. What is s(14)?
-2496
Let m(q) = 2884*q - 1490925. Give m(517).
103
Let j(x) = 130*x**2 + 1606*x + 26. What is j(-10)?
-3034
Let d(l) = 532*l + 4732. Give d(-9).
-56
Let v(a) = a**3 - 94*a**2 + 90*a + 6. Give v(93).
-273
Let k(x) = 7733*x - 1036211. What is k(134)?
11
Let h(p) = 35*p**2 + 717*p + 3609. What is h(-9)?
-9
Let h(i) = i**2 + 86*i + 1335. Determine h(-18).
111
Let j(v) = 196*v + 1463. Calculate j(-4).
679
Let p(u) = 7*u**3 - 144*u**2 - 848*u - 55. Determine p(-6).
-1663
Let a(x) = 2*x**3 - 12*x**2 - 45*x - 79. Calculate a(9).
2
Let x(q) = -15*q**2 - 336*q + 99. Give x(-23).
-108
Let w(m) = 4*m**3 + 63*m**2 - 71*m - 1285. What is w(-17)?
-1523
Let f(b) = b**3 - 34*b**2 + 22850*b - 729145. Determine f(32).
7
Let h(r) = -18067*r + 578105. Determine h(32).
-39
Let o(c) = -3216*c**2 + 492045*c + 464. Give o(153).
5
Let x(h) = 2*h**3 - 243*h**2 + 3111*h - 854. Determine x(107).
2
Let g(f) = -1666*f + 3532. What is g(2)?
200
Let g(y) = 404*y - 47285. Determine g(117).
-17
Let h(w) = -249*w + 77. What is h(3)?
-670
Let r(n) = -413*n + 23498. Give r(55).
783
Let p(v) = -34*v**2 - 2576*v + 589. Give p(-76).
-19
Let k(u) = -1058*u**2 - 2916*u. Calculate k(-3).
-774
Let n(j) = -1245*j - 891418. Determine n(-716).
2
Let q(r) = r**3 + 314*r**2 - 5969*r + 2329. What is q(-332)?
5
Let c(v) = 8*v**2 - 1385*v + 6745. Give c(169).
1168
Let m(i) = i**3 + 8*i**2 - 143*i - 177. Calculate m(-16).
63
Let y(n) = -32*n**3 + 162*n**2 - 45*n + 79. Give y(5).
-96
Let y(a) = -a**3 - 2287*a**2 - 451037*a + 1082. What is y(-218)?
-8
Let n(t) = -t**3 + 157*t**2 + 202*t - 5414. What is n(158)?
1538
Let s(z) = -102463*z - 512319. Give s(-5).
-4
Let x(y) = -y**2 + 7003*y - 4518195. Determine x(719).
1
Let n(t) = 5419*t + 254685. Determine n(-47).
-8
Let